.
11
Let x be (-1)/((-1)/21) - -1. Let b be 880/(-140)*(-1 + -27). What is the greatest common divisor of b and x?
22
Let x be 1 - (-1)/(1/(-3)). Let j be (-1 + x + 0)*-1. Calculate the highest common divisor of 15 and j.
3
Let s be 1*-2 - 1/(-1). Let w = s + 3. Calculate the highest common divisor of 4 and w.
2
Let l be 1/(-2)*(0 + -6 - 10). What is the highest common divisor of 4 and l?
4
Let o = 30 - 23. What is the greatest common divisor of 7 and o?
7
Let n(c) = -c**2 - 9*c - 12. Let o be n(-5). Calculate the greatest common factor of o and 1.
1
Suppose 386 = 3*f - 4*p, 3*f + f + p - 483 = 0. Let n = f + -45. What is the highest common factor of n and 11?
11
Let f = -30 - -110. What is the greatest common factor of f and 10?
10
Let w be (-11)/(-33) + (-22)/(-6). Suppose 5*y + 25 = 105. What is the highest common factor of w and y?
4
Let p be 10/15 - (-61)/3. Let g = 49 - p. Let o = 213 - 143. What is the highest common factor of o and g?
14
Let k = 27 - 12. Suppose k = 3*l - 3*h, 5*l - 2*h - 25 = -9. Let b be 88/154 - 24/(-7). What is the greatest common factor of b and l?
2
Let d(u) = u**2 - 4*u + 5. Let h be d(5). Calculate the highest common divisor of 4 and h.
2
Let i be 28/70 + 58/5. What is the greatest common divisor of 102 and i?
6
Let i be (7 - 8)/(1/(-15)). Suppose 2*a + x - i = -4*x, -5*a + 90 = -5*x. Calculate the highest common divisor of 15 and a.
15
Let q be (64*-1)/(-3 - -1). Calculate the highest common divisor of q and 80.
16
Let a = -2 - -7. Calculate the greatest common divisor of 25 and a.
5
Suppose 2*d + 4*k - 20 = 0, k + 0*k - 5 = 0. Let a(f) = d + 1 + f + 2*f**3 + 4 - 8*f**2 - f**2. Let z be a(6). What is the greatest common factor of 17 and z?
17
Suppose 6*f - 24 + 0 = 0. What is the highest common divisor of f and 12?
4
Let b be (6 - 3) + 74/2. Calculate the greatest common divisor of 5 and b.
5
Let r = 62 + 3. Suppose 4 = 2*x - 48. Calculate the greatest common factor of r and x.
13
Let p be (11 - -4) + (5 - 2). Let x(k) = -11*k - 9. Suppose 3*c - 4 = -31. Let s be x(c). Calculate the greatest common divisor of s and p.
18
Suppose 5*x + 0*x - 660 = 0. Suppose 2*m - 30 = -6. Calculate the highest common divisor of m and x.
12
Suppose -2*t = 5*j - 0*j - 534, 111 = j - t. Suppose -w - 3*w + j = 0. Calculate the greatest common factor of 3 and w.
3
Let b(x) = 16*x + 3. Let t be b(2). Calculate the highest common divisor of t and 7.
7
Let v(m) be the second derivative of m**5/20 + 13*m**4/12 - 3*m**3 - 4*m**2 - m. Let x be v(-14). What is the highest common factor of x and 16?
16
Suppose -5*t = -2*r + 19, -4*t + 64 = 5*r - 0*r. What is the highest common divisor of 30 and r?
6
Let h(y) = -2*y + 9. Let j(l) = -1. Let n(v) = h(v) + j(v). Let u be n(0). What is the greatest common divisor of u and 8?
8
Let y be (2 - 8/5)*40. Let q be (-4)/6 + 970/15. Suppose 3*x + 4*f = q, 22 = 5*x - 4*x + f. Calculate the highest common factor of y and x.
8
Suppose 0 = -4*b - 0*s + s + 51, -3*b + 45 = -3*s. Let j(w) = -w**3 - 8*w**2 + 8*w - 6. Let r be j(-9). What is the highest common factor of b and r?
3
Let i be 1/(-12)*2 + (-532)/(-24). Calculate the greatest common factor of 22 and i.
22
Let w(g) = -13*g - 21. Let m(x) = 7*x + 11. Let c(z) = -11*m(z) - 6*w(z). Let j be c(-4). Let h be 2/(3*j/231). What is the highest common divisor of 14 and h?
14
Let z be 2 - (-1 - -1) - -6. Let w(g) = g**3 + 10*g**2 - 7*g - 5. Let k be w(-9). Let a = -67 + k. Calculate the greatest common divisor of a and z.
8
Let c = 93 - 85. Calculate the greatest common divisor of 6 and c.
2
Suppose 0*q - 3*q + 30 = 0. What is the greatest common divisor of 5 and q?
5
Let n = 512 - 358. Let k(w) = -w**2 - w + 22. Let f be k(0). Calculate the greatest common factor of f and n.
22
Suppose 0 = 5*y - 4*p - 105, 41 = 2*y + p - 14. What is the highest common divisor of y and 5?
5
Let p be 28*-1*(-1)/2. Suppose s = -2 + p. What is the highest common factor of 36 and s?
12
Let b = -96 - -174. Calculate the highest common factor of 26 and b.
26
Suppose m - 12 - 12 = 0. Suppose -o - s = -m - 1, 3*s = -5*o + 133. What is the greatest common divisor of 29 and o?
29
Suppose b = -4*b - 20. Let a be (-72)/(-33) + b/22. Suppose 0 = -2*p + p + 5, -15 = -a*d - p. What is the greatest common factor of d and 15?
5
Suppose 2*h = h + 4*f - 119, f - 506 = 4*h. Let k = h + 55. Let p = 38 - k. Calculate the highest common factor of 10 and p.
10
Let t be 1 - (-16 - ((3 - 4) + 2)). Calculate the greatest common divisor of 36 and t.
18
Suppose -g + 4*x + 7 = 0, 4*g - 4*x - 8 = 44. Let n be -2 + 3 - (-4 + -1). What is the greatest common divisor of n and g?
3
Suppose -z = -0*z - 48. Calculate the greatest common divisor of z and 72.
24
Let m be (18/(-15))/((-12)/100). Calculate the greatest common factor of m and 50.
10
Let w(g) = 2*g + 4. Let a be w(3). Let p be (-24)/(-15)*15/6. Calculate the greatest common factor of a and p.
2
Let p be 295/25 + 2/10. Let q = p + -4. Let t = 46 + -22. Calculate the greatest common factor of q and t.
8
Suppose h - 20 = -6*v + 3*v, 5*v + 4*h - 24 = 0. What is the highest common divisor of 20 and v?
4
Let h be 9 + (38/14 - (-12)/42). What is the greatest common divisor of 12 and h?
12
Let q = -21 + 12. Let z = 3 + q. Let l = z + 16. What is the highest common factor of l and 25?
5
Let j(i) be the second derivative of -i**5/20 - i**4/2 - 2*i**3/3 + 8*i. Let f be j(-6). Calculate the greatest common divisor of 36 and f.
12
Suppose -2*w = w + 3. Let p be w/(1/(2*-10)). What is the greatest common factor of 140 and p?
20
Suppose -32 = -3*t - t. Suppose 0 = 2*x + 4 - 2, -x = q - 46. Let h = q - 27. What is the greatest common factor of h and t?
4
Suppose 4*f - 2*c - 5 = 5*f, -3*c = 12. Calculate the highest common factor of 33 and f.
3
Let j(v) be the second derivative of -v**4/12 - v**3/6 + 143*v**2/2 - 5*v. Let k be j(0). What is the highest common divisor of k and 13?
13
Let m be (285/38)/((-2)/(-16)). Calculate the greatest common factor of 15 and m.
15
Suppose 4*l + 0 = -4*y + 4, -5*l + 2*y = -33. Let m = 15 + 0. Calculate the highest common factor of m and l.
5
Let p(j) = 2*j**2 - 2*j - 5. Suppose 3*g = 4*q + 15, -q - q + 10 = 2*g. Let s be p(g). Calculate the greatest common factor of s and 14.
7
Suppose -3*q + 5*l = -13 - 5, -2*q = 5*l - 37. What is the greatest common divisor of q and 88?
11
Suppose 2*n - 80 = 4*b, 0 = n + 3*b - 16 + 1. Calculate the highest common divisor of 20 and n.
10
Let w = -67 + 187. Calculate the greatest common divisor of 15 and w.
15
Suppose -3*b + 56 = 20. Calculate the greatest common divisor of b and 18.
6
Suppose -r - 725 = -6*r - 2*k, -4*r + 592 = 4*k. Let d = r - 44. What is the greatest common factor of 11 and d?
11
Suppose 3*p - 3*v - 36 = 0, -5*p = -3*v + 6*v - 92. Let b = 70 - p. Calculate the highest common factor of 18 and b.
18
Let p = -53 + 73. What is the highest common factor of p and 5?
5
Suppose 2*y = h + 32, 3*h + 24 = y + y. Suppose -5*c + 0*c + 15 = 0. Suppose -4*f - 14 = -5*v, -5*f = v + 6 - c. What is the highest common factor of v and y?
2
Let u be (-4)/(-14) - 162/(-21). Suppose -2*k = -0*k - u, -12 = -2*n + k. What is the greatest common divisor of 72 and n?
8
Suppose -4*k = 5*q - 57, -3*k - q + 34 = q. Let b(d) = 2*d - 4. Let w be b(3). Let t be 71 - 1*(-3 + w). Calculate the highest common factor of k and t.
8
Suppose 6*c - 32 + 8 = 0. Let x(k) = -k**3 - 6*k**2 - k - 2. Let l be x(-6). Calculate the greatest common factor of l and c.
4
Let p(w) = w**3 + 13*w**2 + 13*w + 18. Let m be p(-8). What is the greatest common divisor of 26 and m?
26
Let f(w) = w - 6. Let s(u) = -2*u + 4. Let c be s(-3). Let n be f(c). Calculate the greatest common factor of 20 and n.
4
Suppose 26 = -4*p + 42. Calculate the highest common factor of p and 28.
4
Let y = -31 + 43. Calculate the highest common divisor of 6 and y.
6
Let n be -3*(-3 + -2 + 4). Suppose -n*y - 51 = 9. Let d = y + 36. What is the greatest common factor of d and 8?
8
Let d be 5/3 - 2/3. Suppose -j - 3 = 4*u + 4*j, 4*j + 3 = -3*u. Suppose -7 - 8 = -u*n. Calculate the highest common factor of d and n.
1
Suppose 0*g = 2*g - 72. What is the highest common divisor of g and 9?
9
Let q = 25 - 8. Suppose -2*f - 3 = -q. What is the greatest common facto